-1
What is 12 (base 8) in base 7?
13
b (base 16) to base 15
b
What is -1321 (base 4) in base 11?
-100
Convert -11101 (base 2) to base 13.
-23
What is 83 (base 10) in base 13?
65
Convert 8 (base 14) to base 4.
20
-2 (base 7) to base 4
-2
-1 (base 12) to base 10
-1
-1a (base 16) to base 5
-101
What is -2 (base 14) in base 9?
-2
-38 (base 10) to base 5
-123
Convert 12 (base 5) to base 12.
7
Convert -100 (base 7) to base 10.
-49
What is 8 (base 14) in base 3?
22
Convert 3 (base 13) to base 3.
10
What is 63 (base 7) in base 9?
50
Convert -2 (base 13) to base 9.
-2
What is 12 (base 6) in base 10?
8
Convert 0 (base 9) to base 2.
0
What is 5 (base 13) in base 14?
5
Convert 9 (base 10) to base 15.
9
What is 3 (base 12) in base 7?
3
Convert -11 (base 4) to base 8.
-5
Convert -2 (base 15) to base 5.
-2
Convert 18 (base 9) to base 4.
101
What is 25 (base 10) in base 3?
221
What is 55 (base 7) in base 8?
50
What is -22 (base 10) in base 4?
-112
22 (base 13) to base 16
1c
Convert 91 (base 12) to base 6.
301
Convert 212 (base 4) to base 14.
2a
-62 (base 8) to base 12
-42
Convert -17 (base 10) to base 11.
-16
Convert 14 (base 8) to base 9.
13
Convert 2 (base 7) to base 10.
2
Convert 1 (base 3) to base 8.
1
What is -42 (base 15) in base 13?
-4a
0 (base 16) to base 5
0
What is 103 (base 4) in base 12?
17
What is -b5 (base 12) in base 3?
-12002
Convert 0 (base 5) to base 10.
0
100 (base 2) to base 3
11
What is 5 (base 12) in base 6?
5
-5 (base 16) to base 15
-5
Convert 20 (base 3) to base 9.
6
-203 (base 5) to base 3
-1222
What is 4 (base 8) in base 7?
4
What is -10 (base 4) in base 16?
-4
2 (base 13) to base 4
2
What is -6 (base 7) in base 14?
-6
Convert 63 (base 14) to base 7.
153
What is -10001 (base 2) in base 4?
-101
Convert -122 (base 8) to base 2.
-1010010
Convert -1 (base 10) to base 4.
-1
111 (base 4) to base 3
210
45 (base 11) to base 7
100
What is -245 (base 7) in base 13?
-a1
7 (base 15) to base 13
7
What is -1001 (base 2) in base 6?
-13
What is 101 (base 4) in base 10?
17
Convert -15 (base 8) to base 4.
-31
-38 (base 12) to base 9
-48
36 (base 12) to base 5
132
10 (base 6) to base 15
6
What is 4 (base 7) in base 2?
100
Convert 19 (base 10) to base 8.
23
What is -16 (base 8) in base 15?
-e
What is 153 (base 6) in base 8?
105
Convert -7 (base 13) to base 11.
-7
What is -155 (base 6) in base 7?
-131
-3 (base 15) to base 11
-3
Convert -30 (base 7) to base 3.
-210
What is -1 (base 7) in base 9?
-1
42 (base 8) to base 7
46
Convert 5 (base 13) to base 11.
5
-140 (base 12) to base 4
-3000
Convert 1 (base 6) to base 4.
1
What is -cf (base 16) in base 4?
-3033
-112 (base 3) to base 11
-13
1 (base 8) to base 10
1
Convert -10010111 (base 2) to base 5.
-1101
92 (base 15) to base 10
137
-11011110 (base 2) to base 3
-22020
Convert -2 (base 13) to base 4.
-2
-1000 (base 3) to base 4
-123
-1010 (base 2) to base 4
-22
Convert -10 (base 9) to base 14.
-9
What is 120 (base 3) in base 11?
14
-8 (base 16) to base 13
-8
What is 23 (base 8) in base 10?
19
Convert 1322 (base 5) to base 7.
422
Convert 3 (base 7) to base 5.
3
What is -11020 (base 3) in base 14?
-82
Convert -4 (base 14) to base 7.
-4
12 (base 4) to base 12
6
What is 1000 (base 4) in base 3?
2101
What is -1111 (base 2) in base 3?
-120
Convert -f (base 16) to base 2.
-1111
10 (base 12) to base 10
12
What is 321 (base 8) in base 11?
180
Convert 5 (base 13) to base 5.
10
What is 221 (base 4) in base 7?
56
What is 221 (base 6) in base 2?
1010101
Convert 1 (base 10) to base 7.
1
Convert 15 (base 9) to base 12.
12
2a (base 15) to base 6
104
-2 (base 16) to base 15
-2
-11 (base 3) to base 9
-4
What is -4 (base 11) in base 12?
-4
-13 (base 6) to base 13
-9
Convert 12 (base 6) to base 10.
8
What is 351 (base 10) in base 11?
29a
Convert -138 (base 11) to base 16.
-a2
What is -12 (base 8) in base 5?
-20
12212 (base 3) to base 13
c2
What is 4 (base 8) in base 4?
10
-2321 (base 4) to base 7
-353
What is -9 (base 10) in base 6?
-13
What is 1 (base 3) in base 5?
1
What is -143 (base 5) in base 2?
-110000
5 (base 10) to base 7
5
What is 1 (base 12) in base 13?
1
3 (base 11) to base 7
3
0 (base 15) to base 10
0
What is 3 (base 7) in base 11?
3
What is -100 (base 2) in base 10?
-4
What is -193 (base 14) in base 2?
-101000101
What is 111 (base 2) in base 8?
7
Convert 1010110 (base 2) to base 3.
10012
4 (base 13) to base 6
4
Convert 14 (base 13) to base 11.
16
-120 (base 10) to base 7
-231
-1101010 (base 2) to base 14
-78
What is 214 (base 7) in base 3?
11001
Convert 100001 (base 2) to base 4.
201
What is -11 (base 2) in base 12?
-3
-3a (base 15) to base 14
-3d
What is 2 (base 13) in base 15?
2
-8 (base 12) to base 10
-8
-32 (base 12) to base 13
-2c
What is 71 (base 11) in base 8?
116
-34 (base 7) to base 3
-221
-122 (base 3) to base 15
-12
What is -21 (base 7) in base 12?
-13
Convert -10 (base 4) to base 2.
-100
What is 1 (base 8) in base 3?
1
What is -4 (base 5) in base 4?
-10
What is -11 (base 12) in base 14?
-d
What is 46 (base 7) in base 2?
100010
2 (base 6) to base 2
10
4a (base 16) to base 11
68
-26 (base 11) to base 16
-1c
Convert 1 (base 14) to base 6.
1
What is 2 (base 10) in base 4?
2
-51 (base 8) to base 3
-1112
What is 10 (base 3) in base 14?
3
3 (base 5) to base 8
3
130 (base 13) to base 2
11010000
Convert 186 (base 14) to base 12.
222
Convert -4 (base 12) to base 4.
-10
Convert 7 (base 9) to base 4.
13
Convert 19 (base 16) to base 5.
100
Convert 20 (base 11) to base 8.
26
What is 213 (base 10) in base 6?
553
What is 98 (base 16) in base 10?
152
c (base 15) to base 11
11
-101 (base 3) to base 5
-20
Convert -102 (base 5) to base 10.
-27
0 (base 13) to base 4
0
What is -1110 (base 2) in base 10?
-14
What is 10223 (base 4) in base 10?
299
Convert 107 (base 9) to base 11.
80
What is -140 (base 5) in base 2?
-101101
10110100 (base 2) to base 4
2310
Convert -1010 (base 2) to base 8.
-12
What is -1 (base 7) in base 15?
-1
Convert 43 (base 5) to base 10.
23
Convert -17 (base 14) to base 12.
-19
-26 (base 13) to base 4
-200
What is -b7 (base 12) in base 7?
-256
What is -7a (base 15) in base 4?
-1303
What is -221 (base 5) in base 7?
-115
-10110 (base 4) to base 15
-136
Convert -2 (base 13) to base 10.
-2
-101 (base 2) to base 13
-5
3 (base 12) to base 11
3
1 (base 8) to base 6
1
What is 34 (base 12) in base 3?
1111
Convert -26 (base 12) to base 6.
-50
1001 (base 2) to base 9
10
-280 (base 9) to base 8
-352
Convert -1 (base 11) to base 14.
-1
Convert 8 (base 15) to base 8.
10
Convert -1 (base 10) to base 15.
-1
4 (base 16) to base 11
4
144 (base 8) to base 9
121
-3 (base 14) to base 16
-3
Convert 11 (base 3) to base 9.
4
What is -61 (base 11) in base 13?
-52
-1020 (base 4) to base 12
-60
Convert 1 (base 4) to base 11.
1
-106 (base 11) to base 16
-7f
Convert -c (base 13) to base 15.
-c
What is -c (base 14) in base 12?
-10
-3 (base 14) to base 3
-10
-5 (base 13) to base 8
-5
Convert -10 (base 10) to base 13.
-a
Convert -2 (base 6) to base 10.
-2
Convert -3 (base 13) to base 3.
-10
Convert 1 (base 3) to base 10.
1
Convert -20 (base 3) to base 7.
-6
-2 (base 10) to base 13
-2
-12 (base 5) to base 6
-11
10001 (base 2) to base 4
101
Convert d (base 15) to base 11.
12
Convert 110 (base 4) to base 15.
15
Convert 49 (base 13) to base 15.
41
What is -12 (base 9) in base 15?
-b
Convert -3 (base 5) to base 9.
-3
Convert 17 (base 9) to base 2.
10000
What is 0 (base 3) in base 5?
0
-122 (base 3) to base 13
-14
What is -1b (base 13) in base 11?
-22
-69 (base 15) to base 5
-344
-33 (base 9) to base 5
-110
Convert -5 (base 6) to base 14.
-5
What is -7 (base 13) in base 16?
-7
Convert 555 (base 6) to base 2.
11010111
10000 (base 2) to base 10
16
-25 (base 7) to base 2
-10011
-30 (base 6) to base 16
-12
What is -13 (base 11) in base 5?
-24
Convert -2b (base 12) to base 11.
-32
What is -39 (base 10) in base 12?
-33
Convert -10 (base 8) to base 12.
-8
56 (base 8) to base 2
101110
46 (base 10) to base 16
2e
What is 10 (base 2) in base 8?
2
Convert 6b (base 12) to base 9.
102
What is -5 (base 12) in base 10?
-5
What is 8 (base 12) in base 15?
8
-1150 (base 6) to base 9
-343
8 (base 12) to base 6
12
Convert -2 (base 7) to base 5.
-2
What is 123 (base 6) in base 12?
43
1b (base 15) to base 6
42
-22 (base 8) to base 5
-33
Convert -212 (base 3) to b